) + 7.
108
What is the value of (0 + 2 + (5 - (10 + 1)) - -8) + 40?
44
Calculate 6 - 0 - (((13 - 19) + 18 - 21) + 54).
-39
What is the value of (-14 - -5) + -13 + 21 + 103 + 0 + -12?
90
What is the value of 52 + -124 - (-23 + -3 + -2)?
-44
Calculate -103 + -208 + 356 + (-10 + -1 - 0).
34
Calculate 47 + 36 + 16 + -33.
66
What is the value of -3 - ((-1 - (-30 - -15)) + 6 + -15 + -75)?
67
Evaluate 0 + 44 - (10 + (0 - -12)).
22
Evaluate (-1 + -1 - (-3 + (-4 - 90))) + (2805 - 2816).
84
Calculate 42 + -35 + 61 + -32 + -124.
-88
31 - (0 - (-1 - -12) - ((-13 - 5) + 10))
34
Calculate 15 + 5 + -19 + (9 - 24) + 42.
28
Calculate -106 + 9 + (-476 - -508).
-65
What is 40 + (-9 - (14 - 28)) + -8 - -2?
39
-129 + 45 + -55 + 69 - (3 + 1 + -1)
-73
What is the value of (-23 - (-45 + -20 + 23)) + 5?
24
Calculate 5 - (-11 + -1 + 31) - (-24 + 1).
9
What is the value of 16 - (55 + (-47 - -32))?
-24
What is the value of -68 + 402 - 249 - (25 + 0)?
60
Evaluate 3 + -1 - (165 - 49) - (56 + -71).
-99
Calculate -72 + 31 + 17 - (-70 + -1).
47
Calculate (-125 - -156) + -50 + 10.
-9
(-10 - (-2 + 0)) + (195 - (-300 - -500))
-13
Calculate 58 - (-2 + 8 + -3 - 4 - (-45 - -35)).
49
What is (-7 - 25) + 34 - -38?
40
(-91 - -178) + -99 + 57
45
What is -279 + 250 + 46 + -2 + (1 - -52)?
68
86 + -62 + (-49 - 7) + 6 + 1
-25
What is (90 + -11 - 63) + -1 + -79?
-64
What is (-3 + 12 - ((-12 - 12) + -10)) + -14?
29
(28 + 56 - -17) + -32
69
Calculate 54 + (-31 - -41) + 6 + -22.
48
What is the value of (-2 - (-1 + 1)) + 17 - (-3 + 67 + -60)?
11
What is 14 - ((166 - 209) + (0 - 63))?
120
What is the value of (-3 - 0) + (12 - -15) + (-498 - -497)?
23
What is the value of -8 + -1 + (37 - (-9 + -1)) + -12?
26
What is (11 - -48) + (5 - (-11 + 21 + (-8 - -1)))?
61
(76 - -1) + (-25 + (17 - 9) + 9 - -15)
84
Calculate 62 - (81 - 62) - 22.
21
Evaluate (45 - 25) + (6 - 1 - -9).
34
What is 3 - (-1 - 10) - 4 - (-53 - (-8 - -12))?
67
-83 + (-40 - (-65 - 46))
-12
Calculate -12 + (-19 - 12) + 77.
34
What is the value of -24 - ((1 - 6) + (-2 - -13) + (-21 - -26))?
-35
Evaluate (-20 - -2) + -17 + 0 + (0 - 9).
-44
What is (25 + 17 - 13 - (28 - 7)) + 42?
50
Evaluate 23 - (21 + -12 + (-7 - -11) + -7).
17
-8 + -79 - 5 - (18 - ((15 - 19) + 7))
-107
What is the value of 0 + 50 + 138 + (-90 - 14)?
84
14 - (77 + -9 + -23)
-31
Calculate 99 + (-149 - 0 - -34).
-16
-68 + (-31 - (-17 + -2) - 5) + (7 - -1)
-77
What is (110 + -104 - (0 + -1)) + (2 - 1) + 13?
21
What is the value of -30 - -6 - (27 - (20 + 28))?
-3
Evaluate -385 - -518 - (22 + 91).
20
-4 + 10 + (-5 - (4 - 6)) + -9 + -39
-45
Calculate -5 + (11 - (-7 - -2 - -8)) - 13 - -33.
23
Calculate -116 + 284 + -68 - 153.
-53
Calculate (-1 - -4) + -43 + 15 + (-9 - (15 + -2)).
-47
What is -10 - (-4 + -1 + (-63 - -25)) - 0?
33
65 + (55 - 116) + -65
-61
What is -67 - (1 - ((10 - 22) + 20))?
-60
Evaluate (-91 - 11) + 115 + -7.
6
What is 74 + -32 + 100 + -17?
125
7 - 23 - (3 + 11 + -23 + 9)
-16
What is 55 + -54 - (-20 - 32)?
53
Evaluate -10 - (-84 + 12 - -52).
10
28 - (12 + 7) - 13
-4
Evaluate (11 - 3) + (10 - 13) + -41 + 34.
-2
Evaluate ((3 - 6) + 8 - 5) + -46 + 37.
-9
What is the value of 1 + (-3 + 8 + -2 - (54 + -40 + -108))?
98
What is the value of -11 + (-1 - 0) - (-23644 - -23585)?
47
What is 5 - (70 + -81 + (0 - 5) + 17 - -69)?
-65
Calculate (55 + 28 - (77 + -89)) + -1 + (-1 - 4).
89
What is the value of -95 - ((-2 - -22 - (4 + 9)) + 8)?
-110
What is -24 + 67 + 58 + -153?
-52
What is the value of 1 + (10 - 147) + 21 + (4 - 13) - 4?
-128
190 - (207 + 6) - (0 + -12 + 2)
-13
What is the value of -1 - (1 - -3) - (-8695 + 8735)?
-45
What is (51 - 24) + 90 + -30 + -15 + 3?
75
What is the value of 19 + -83 + 82 - (-1 + 41)?
-22
Evaluate (191 - 188) + (106 - 26).
83
13 + 52 - -9 - ((3 - -6) + -4)
69
What is the value of (-321 - -409) + (-18 - 110)?
-40
36 - ((-1 - -7) + (-13 - -17) + 6)
20
11 + 1 + (50 + 2 - (-22 + (9 - -18)))
59
Calculate (2 - 0) + (41 + -18 + 2 - 66).
-39
What is (275 - 233) + -142 + 22?
-78
What is -13 + (-133 - -125 - (2 - 14)) - 54?
-63
Evaluate -1 - ((24 - 24) + (-1 - 25)).
25
(10 - (-1 + (16 + -13 - -2))) + 27
33
Evaluate -52 + -2 + (3776 - 3714).
8
Evaluate (394 - 196 - 198) + 23 + (0 - -1).
24
Evaluate 12 + (17 - -8) - (-2 + -25).
64
What is -5 + 3 + -178 + 152?
-28
What is -60 + -19 + 22 + 5 - (-6 + 2)?
-48
(34 + -34 + 26 - 16) + 21
31
Calculate 7 + -4 + (-4 - 4) + 204 + -261.
-62
Calculate 403 + -353 - (-2 - -84).
-32
What is the value of -113 - (5 - (13 - -68))?
-37
What is 63 + (2 - (83 + -36))?
18
Calculate 4 - (10 - 2) - (-1 + -9) - 2 - -130.
134
Evaluate 140 + -76 + -68 + 111.
107
What is the value of (-1 - 4) + (20 - 54 - 12 - 38)?
-89
What is (-12 - (61 - (14 + -17))) + 16 + -38?
-98
17 - ((1 - 2) + 12 + -22 + -6)
34
Evaluate 192 + 6 - 239 - (0 - -56).
-97
79 + (15 - (62 + (15 - 39)))
56
Calculate (15 - -2) + (-10 - 30 - -34) + 29.
40
Calculate -239 - (-223 + 143) - -59.
-100
What is the value of (16 + -5 - 47 - -1) + -1 + -3 + 3?
-36
Evaluate 21 + 0 - (280 - 277) - (-57 - 1).
76
Evaluate (2 - -5) + -43 + 12 + -9 + -3.
-36
Calculate -3 - -2 - (-24 - (-121 - -82)).
-16
Calculate -34 - (81 + -79 + -98).
62
Calculate (-69 - (-79 - -70)) + (0 - -13 - -1).
-46
What is (-13 + 1 - (1930 + -1865)) + (7 - -3)?
-67
(22 + (-10 - 5) - (2 + 67)) + 13
-49
What is the value of 77 + (66 - 58) + -157?
-72
Evaluate (-27 - (33 + -46)) + 1 + 59.
46
What is the value of -1 + 21 - 39 - (-14 - (2 - (0 + 2)))?
-5
What is 64 + -89 + -29 - -87?
33
What is 1 + 47 + -2 - (45 + -32 + -21)?
54
What is the value of (6 - (-7 + 1)) + (45 - 26)?
31
What is the value of (-4 - (-42 - -22 - -26)) + (-2 - -132 - 1)?
119
Calculate 113 + 11 + -26 + 8 + -22.
84
3 - -82 - (-239 + 313)
11
What is the value of 9 + 1 + 3649 + -3737?
-78
Evaluate 75 + (21 - 31) + 4 + -21.
48
-1 + 9 + -77 + 69 - 11 - (39 - -4)
-54
What is the value of -1 + 8 - ((3 - 15) + 5 - (-36 - 95))?
-117
Evaluate (12 - 7) + -8 - -17 - (6 - 5 - -4).
9
(-1 + (-1 - -3) + 13 - (16 + -12)) + -34
-24
What is 1 - (5 - 11) - (-6 + 44)?
-31
What is (18 - 52 - -39) + 22 + -102?
-75
Evaluate 24 - (139 + -105 + (-9 - 1)).
0
Calculate 2 + 0 + (-30 - -10) + -14.
-32
What is 28 + (-23 - (83 + -64))?
-14
What is (-12 - -49) + (1 - 5) - (-65 - -61)?
37
What is the value of (-53 - -23) + 110 + 2 + (5 - 1)?
86
Evaluate 480 - 480 - (0 + -1 + -74 - (-40 - -35)).
70
Calculate 7 + 1 - (1 + (11 - (2 + 9))).
7
What is the value of -580 + 576 + -15 + 0?
-19
Calculate -100 + 48 + -25 + 187.
110
Calculate (0 - 64) + 1888 + -1693.
131
What is the value of 19 - 7 - (367 + -368)?
13
Calculate -2 + -22 - (-35 - -40 - 3).
-26
Evaluate -64 - ((23 - 132) + 57).
-12
Calculate (-7 - (3 + -2) - (467 + -396)) + -9.
-88
What is the value of 18 - (-27 + (7 - -17) - (1 + 6))?
28
What is 3 - (3 - (-60 - 3) - (60 + -71))?
-74
(-3 - -15) + -5 + (12 - (-13 - -25)) + 10
17
Evaluate 52 + (-22 - 51) + -66.
-87
What is 39 - (-17 - -12) - 14?
30
What is (104 - 51 - 40) + -19?
-6
What is -7 + (8 - 3 - (127 + -146)) + (5 - -1)?
23
What is the value of -36 + 12 + -9 + 26 + (-1 + 0 - -37)?
29
What is the value of -7 + -2 + 23 + -10 - (2 + (5 - 1))?
-2
What is (-69 - -74) + -6 + 1 - ((33 - 2) + -23)?
-8
What is (169 - 150) + (-3 - 66)?
-50
Evaluate 1 + 155 - 153 - ((1 - 0 - 0) + 1).
1
Calculate 51 + -122 + (-46 - -77).
-40
Evaluate 425 + -412 + (2 + -1 - 4) - (-5 + 10).
5
Calculate -94 + 66 - 92 - -49.
-71
What is 23 + (-24 - (-28 + 29)) - (1 + 0 + 0)?
-3
Evaluate 10 + 6 + (-2 - (49 + -9)) + 4 + -5.
-27
What is 8 + 0 - (32 - -87 - -5 - 16)?
-100
What is the value of -52 + (-29 - -75) + (42 - (3 - 2))?
35
(-5 - (4 + -8 - 0 - -6)) + -4 + 106
95
What is (-58 - -5) + (39 - -2)?
-12
What is 7 + -3 + (-48 + 39 + 1 + 35 - -5)?
36
Evaluate -12 - (31 - (-7 + (1 - -72))).
23
What is the value of 52 - (-157 + 104 - -208)?
-103
Calculate 5 - 1 - (18 + (11 - 45) + 36).
-16
Evaluate -45 - (39 + -50 + -41).
7
-29 + 0 + 0 + -141 + 152
-18
(22 - 11) + (-69 - -50) + -92 + (-1 - -2)
-99
Calculate -75 + -27 + (-3 - -1) + (-19 - -23 - 3).
-103
Evaluate 130 + (53 - 202) - 102.
-121
-3 - -22 - (16 - (-46 - -53))
10
(225 - 58) + -93 + 0
74
(5 - (10 - -23)) + -17 + -6
-51
(1 - 19) + (-82 - -101) + 6
7
What is 8 - -1 - (44 - 25) - -5?
-5
What is 97 + 198 + -42 - 137?
116
What is -9 + 39 + (-2 -